01737 a composite number?
False
Is 7919891009 prime?
False
Is 102914727 a composite number?
True
Is 3078569639 prime?
False
Is 218007931 composite?
False
Is 44299410487 a composite number?
True
Is 88364327 a prime number?
True
Is 384326594 a composite number?
True
Is 136558969 prime?
False
Is 1153731169 a composite number?
False
Is 2395490533 composite?
False
Is 4855347653 a prime number?
False
Is 100950271 a composite number?
False
Is 5406349721 composite?
False
Is 374950333 composite?
False
Is 9505530103 composite?
True
Is 919189279 a prime number?
False
Is 219441541 prime?
False
Is 1835408483 prime?
True
Is 33346526711 prime?
True
Is 12125033387 a prime number?
False
Is 24083115145 prime?
False
Is 2588790511 composite?
True
Is 4910848435 a composite number?
True
Is 8705640611 a composite number?
False
Is 1287368477 a composite number?
True
Is 180746882 a composite number?
True
Is 17575142197 composite?
True
Is 7147491341 composite?
True
Is 2158981437 a composite number?
True
Is 389823263 composite?
False
Is 11476987939 prime?
False
Is 2423142577 a composite number?
True
Is 678992089 prime?
False
Is 17667007301 a composite number?
False
Is 9284360255 composite?
True
Is 1457576711 a composite number?
False
Is 5858146439 a prime number?
True
Is 1275679117 a composite number?
False
Is 6320568913 a prime number?
True
Is 1123315801 prime?
True
Is 50129913959 prime?
True
Is 553782027 a prime number?
False
Is 2969149083 a prime number?
False
Is 1226389037 a prime number?
True
Is 36862853189 a composite number?
False
Is 6620731981 composite?
False
Is 1288610623 a prime number?
True
Is 17621718193 prime?
True
Is 7370904407 a prime number?
True
Is 3336869389 composite?
True
Is 5205102521 a composite number?
False
Is 1129697087 a prime number?
False
Is 7664161405 composite?
True
Is 1066197763 prime?
True
Is 1370632709 prime?
False
Is 23813927 a prime number?
True
Is 3373181363 a composite number?
False
Is 537050287 prime?
True
Is 9636030357 composite?
True
Is 34493670661 a prime number?
True
Is 5785842467 a composite number?
True
Is 211498559 a composite number?
False
Is 37819655267 prime?
False
Is 120468137 composite?
True
Is 2006183639 prime?
False
Is 16261874593 prime?
True
Is 139633060387 composite?
True
Is 5739561923 a composite number?
True
Is 8894008103 prime?
False
Is 1235023001 a composite number?
False
Is 6130418941 a composite number?
True
Is 8262768487 composite?
False
Is 2912419931 prime?
True
Is 487178141 composite?
True
Is 12267791461 a composite number?
False
Is 45503439529 a prime number?
False
Is 7709066203 a composite number?
False
Is 1369360493 composite?
True
Is 954527831 a prime number?
False
Is 474752059 a composite number?
True
Is 5904212341 prime?
False
Is 7721837 a prime number?
True
Is 27520133623 a prime number?
False
Is 201167429 a prime number?
False
Is 10932256351 a prime number?
False
Is 112405739 composite?
True
Is 3179749843 composite?
True
Is 7368170839 prime?
False
Is 9243213113 a composite number?
True
Is 4486208053 composite?
True
Is 18882227653 a composite number?
False
Is 7337086567 a composite number?
False
Is 2448504131 composite?
False
Is 1828002289 prime?
True
Is 1532715209 a prime number?
True
Is 15251759 prime?
False
Is 5888545277 a prime number?
False
Is 12649228439 prime?
False
Is 3039612883 a composite number?
True
Is 3561550543 a composite number?
True
Is 1927531013 a composite number?
False
Is 31738559459 prime?
False
Is 120607861 prime?
False
Is 2955734633 composite?
False
Is 250223173 a prime number?
False
Is 6044253097 a composite number?
False
Is 115885749983 composite?
False
Is 167088533 composite?
False
Is 226335142139 a prime number?
False
Is 120902734 a composite number?
True
Is 8494161929 a composite number?
True
Is 199484071 composite?
True
Is 80307757753 a prime number?
True
Is 3673682231 a prime number?
True
Is 10569976427 a composite number?
False
Is 25946889131 a prime number?
True
Is 281596759 a prime number?
True
Is 14485826777 composite?
False
Is 29376495637 composite?
False
Is 1387404331 a prime number?
False
Is 76606449089 prime?
False
Is 13222903027 a composite number?
False
Is 491927083 prime?
True
Is 3427309903 a prime number?
False
Is 1543616299 composite?
True
Is 3711301747 prime?
True
Is 6201933667 prime?
False
Is 3712329893 prime?
True
Is 864795683 a prime number?
True
Is 992355839 a composite number?
False
Is 4447943 prime?
True
Is 27749939621 a prime number?
False
Is 4180487347 composite?
False
Is 1384146499 composite?
False
Is 22381274 a prime number?
False
Is 171078821 a prime number?
True
Is 248130209 a prime number?
True
Is 47423317 prime?
True
Is 5949196679 a composite number?
False
Is 4529083805 prime?
False
Is 133484497 composite?
False
Is 25435372973 prime?
False
Is 13418355154 prime?
False
Is 4300328033 a composite number?
False
Is 215821293 composite?
True
Is 2003614889 a prime number?
False
Is 10261859707 a composite number?
True
Is 52552540543 composite?
False
Is 73590381093 a composite number?
True
Is 410069629 a composite number?
True
Is 103617792283 prime?
True
Is 125110189 a prime number?
False
Is 13428782113 a composite number?
True
Is 40250244247 a prime number?
True
Is 72483926077 prime?
True
Is 2882848247 composite?
False
Is 9886528238 a composite number?
True
Is 1090202119 a prime number?
True
Is 4517180761 a prime number?
False
Is 549282451 a prime number?
False
Is 112544074567 a composite number?
True
Is 826876693 a prime number?
True
Is 7714217573 a composite number?
False
Is 598308691 a composite number?
True
Is 1278913151 prime?
False
Is 65226354731 a composite number?
False
Is 2568404429 a composite number?
False
Is 976323289 composite?
False
Is 1919790129 a prime number?
False
Is 819460361 a composite number?
False
Is 22061539 composite?
True
Is 453530698537 prime?
False
Is 108027613117 a prime number?
True
Is 45040033741 a composite number?
False
Is 94016339 composite?
True
Is 19344145619 prime?
True
Is 943236311 composite?
True
Is 83609299 composite?
False
Is 210702870239 a prime number?
False
Is 443341667 composite?
True
Is 2012747249 composite?
True
Is 40793475161 composite?
False
Is 1933735217 composite?
False
Is 391890593 a composite number?
False
Is 2268872261 composite?
False
Is 185173951 prime?
False
Is 21481924231 prime?
True
Is 7969343377 a composite number?
True
Is 9280214429 prime?
True
Is 32607788363 prime?
True
Is 16977858427 composite?
False
Is 3306440983 prime?
True
Is 112254952237 a composite number?
False
Is 1725663117 prime?
False
Is 33433021447 a prime number?
False
Is 5895899987 a composite number?
True
Is 9133285157 a composite number?
False
Is 849635887 prime?
True
Is 2967199282 composite?
True
Is 73612151477 prime?
True
Is 4880647993 composite?
True
Is 49351198763 composite?
False
Is 18744970301 a composite number?
False
Is 18771505261 prime?
True
Is 9886305347 composite?
False
Is 44087651 composite?
False
Is 2728893229 a composite number?
True
Is 46933792873 composite?
True
Is 31394818713 a prime number?
False
Is 1371507947 a prime number?
False
Is 228683293 a composite number?
True
Is 1024829473 composite?
False
Is 432080419 prime?
True
Is 119796227 a composite number?
True
Is 98094133 a prime number?
True
Is 1206316469 prime?
True
Is 47986560593 a prime number?
False
Is 807400739 a composite number?
True
Is 308276346999 a prime number?
False
Is 2015951759 composite?
False
Is 30003461 composite?
True
Is 132068659 a prime number?
True
Is 2985303401 a composite number?
False
Is 18623876849 prime?
True
Is 33416476493 a prime number?
True
Is 2032492003 composite?
True
Is 39550394431 prime?
True
Is 40085014297 composite?
True
Is 229058483 composite?
True
Is 4114304699 a prime number?
False
Is 53906662221 a prime number?
False
Is 276262871 composite?
True
Is 141377998 prime?
False
Is 64895439473 composite?
True
Is 41415848917 a prime number?
True
Is 10779761749 composite?
False
Is 2200678147 a composite number?
False
Is 26063858683 a composite number?
True
Is 222225313 composite?
False
Is 707046545 a prime number?
False
Is 13848699199 a composite number?
True
Is 522484691 composite?
False
Is 8592568109 prime?
False
Is 664173749 composite?
False
Is 13629808447 a prime number?
True
Is 45886849 composite?
False
Is 543304339 